{"id":3152,"date":"2017-08-01T22:01:20","date_gmt":"2017-08-01T20:01:20","guid":{"rendered":"http:\/\/ubmp-bupb.org\/?page_id=3152"},"modified":"2020-05-13T15:05:49","modified_gmt":"2020-05-13T13:05:49","slug":"le-secret-professionnel-en-question","status":"publish","type":"page","link":"https:\/\/ubmp-bupb.org\/newsite\/fr\/le-secret-professionnel-en-question\/","title":{"rendered":"Le secret professionnel en question !"},"content":{"rendered":"<div id=\"post-3148\" class=\"post-3148 post type-post status-publish format-standard hentry category-non-classe-nl language-nl\">\n<p>La ligue des droits de&nbsp;l\u2019homme a mis ce qui suit sur leur site. Un point de vue que nous partageons.<\/p>\n<\/div>\n<div>\n<div id=\"post-3148\" class=\"post-3148 post type-post status-publish format-standard hentry category-non-classe-nl language-nl\">\n<div class=\"post-meta\">La ligue des droits de&nbsp;l\u2019homme a mis ce qui suit sur leur site. Un point de vue que nous partageons.<\/div>\n<div><\/div>\n<\/div>\n<div><strong>2 juin 2017 \u2013<\/strong>&nbsp;Un article du projet de loi \u201cpot-pourri 5\u201d pr\u00e9voit la possibilit\u00e9 de se d\u00e9lier de son secret professionnel dans le cadre de \u00abconcertations de cas\u00bb \u2013 en cr\u00e9ant un article 458ter dans le Code p\u00e9nal.<\/div>\n<div><\/div>\n<div><strong>La Commission Justice de la Chambre des repr\u00e9sentants a adopt\u00e9 en premi\u00e8re lecture le projet de loi commun\u00e9ment appel\u00e9 \u00ab pot-pourri V \u00bb. Les articles consacr\u00e9s au secret professionnel changent, de mani\u00e8re particuli\u00e8rement hasardeuse, les r\u00e8gles du secret professionnel que nous connaissons aujourd\u2019hui. Un article pr\u00e9voit notamment la possibilit\u00e9 de se d\u00e9lier de son secret professionnel dans le cadre de \u00ab concertations de cas \u00bb \u2013 en cr\u00e9ant un article 458ter dans le Code p\u00e9nal.<\/strong><\/div>\n<div><\/div>\n<div>Ces concertations de cas (sur ce sujet, lire l\u2019avis du service droits des Jeunes&nbsp;<a href=\"http:\/\/www.sdj.be\/IMG\/pdf\/avis_no2_-_concertation_de_cas.pdf\">Quand secret professionnel et concertation de cas ne font pas bon m\u00e9nage<\/a>) seront organis\u00e9es entre le parquet, la police et les intervenants psycho-m\u00e9dico-sociaux, en dehors de la pr\u00e9sence de ceux qui livrent leurs secrets. Dans le texte vot\u00e9 en premi\u00e8re lecture en Commission Justice, l\u2019accord de ceux-ci n\u2019est pas requis, ce qui porte atteinte au secret professionnel, base du travail social.Le secret professionnel est en outre un \u00e9l\u00e9ment essentiel de l\u2019\u00e9quilibre des pouvoirs entre l\u2019Etat et le citoyen : le pouvoir de la police et de la justice n\u2019est pas absolu et le secret professionnel prot\u00e8ge des valeurs essentielles \u2013 droit de la d\u00e9fense, respect de la vie priv\u00e9e, n\u00e9cessit\u00e9 d\u2019avoir un espace de confidentialit\u00e9 permettant la confiance du demandeur d\u2019aide.En effet, le travail des intervenants psycho-m\u00e9dico-sociaux est bas\u00e9 sur le respect inconditionnel des personnes. Ceci implique de respecter leur parole, leur confiance. Ne pas respecter ce principe mettrait \u00e0 mal notre travail quotidien.Mais le secret professionnel n\u2019est cependant pas absolu : le cadre juridique actuel permet aux professionnels de se lib\u00e9rer de leur devoir de se taire en cas de r\u00e9el danger, que ce soit en mati\u00e8re&nbsp; de protection de l\u2019int\u00e9grit\u00e9 physique et psychique des personnes et de lutte contre la criminalit\u00e9 organis\u00e9e et le terrorisme. Par ailleurs, lorsque le secret est partag\u00e9 avec d\u2019autres personnes d\u00e9tentrices de secrets, il est essentiel de respecter les conditions du secret professionnel partag\u00e9. Or, ces conditions sont absentes du pr\u00e9sent projet.Peut-on esp\u00e9rer que les enfants, les jeunes et leur famille passent encore la porte des services d\u2019aide et leur confient leurs difficult\u00e9s s\u2019ils savent que leur parole pourra \u00eatre r\u00e9p\u00e9t\u00e9e, sans leur consentement, \u00e0 d\u2019autres intervenants, \u00e0 un magistrat ou un policier ? Peut-on vraiment croire qu\u2019une soci\u00e9t\u00e9 o\u00f9 les demandeurs d\u2019aide n\u2019osent plus se confier sera garante de plus de s\u00e9curit\u00e9 ?Les signataires demandent aux parlementaires f\u00e9d\u00e9raux :<\/div>\n<div><\/div>\n<ul>\n<li>De ne pas voter l\u2019article 285 du projet de loi Pot-pourri V en l\u2019\u00e9tat;<\/li>\n<li>Si un article 458ter devait introduire la concertation de cas dans le code p\u00e9nal, d\u2019y inscrire les conditions du secret professionnel partag\u00e9 et exiger que la concertation de cas respecte ces conditions ;<\/li>\n<li>De pr\u00e9ciser dans cet article que les intervenants invit\u00e9s \u00e0 participer \u00e0 la concertation de cas ont le droit de se taire et de ne pas divulguer de secrets. Pr\u00e9ciser \u00e9galement qu\u2019ils ont le droit de refuser de participer \u00e0 cette concertation ;<\/li>\n<li>De pr\u00e9ciser dans cet article que la concertation de cas doit rester une mesure exceptionnelle et de derni\u00e8re alternative ;<\/li>\n<li>De pr\u00e9ciser que cette concertation ne peut \u00eatre organis\u00e9e que par ou en vertu d\u2019une loi, d\u2019un d\u00e9cret ou d\u2019une ordonnance ;<\/li>\n<li>D\u2019inscrire dans cet article que les intervenants psycho-m\u00e9dico-sociaux ne pourraient participer \u00e0 cette concertation que moyennant l\u2019accord pr\u00e9alable et \u00e9clair\u00e9 de la personne concern\u00e9e ;<\/li>\n<li>De baliser, dans les codes de d\u00e9ontologie professionnels, la participation des travailleurs \u00e0 une concertation de cas en pr\u00e9voyant que celle-ci doit respecter scrupuleusement les r\u00e8gles du secret professionnel partag\u00e9 ;<\/li>\n<li>De mener une r\u00e9elle r\u00e9flexion avec les acteurs de terrain, au sein des diff\u00e9rents minist\u00e8res concern\u00e9s, sur les possibilit\u00e9s et difficult\u00e9s pratiques d\u2019une concertation de cas.<\/li>\n<\/ul>\n<p><strong>Signataires<\/strong><\/p>\n<p><em>Acteurs des temps pr\u00e9sents<br \/>\nADAS<br \/>\n<\/em><em>AMO Atouts jeunesAMO Cars<br \/>\nAMO Le Toucan<br \/>\nAMO Rythme<br \/>\nAMO Samarcande<br \/>\nAMO TCC<br \/>\n<\/em><em>AMOS<br \/>\n<\/em><em>Atmosph\u00e8res AMO<\/em><em><br \/>\nBarricades asbl<br \/>\nBruxelles la\u00efque<br \/>\nCentre d\u2019appui bruxellois asbl<br \/>\n<\/em><em>Centre d\u2019appui bruxellois pour l\u2019\u00e9valuation et l\u2019orientation des auteurs d\u2019infraction \u00e0 caract\u00e8re sexuel (CAB, SPF-Justice)&nbsp;<\/em><em><br \/>\n<\/em><em>Centre Com\u00e8te AMO<br \/>\n<\/em><em>CGSP ALR LRB De Bruxelles<br \/>\n<\/em><em>CNE non marchand<br \/>\nCollectif Riposte<br \/>\nCollectif de solidarit\u00e9 contre l\u2019exclusion<br \/>\n<\/em><em>Collectif des AMO de Bruxelles<br \/>\n<\/em><em>Conseil bruxellois de coordination sociopolitique<br \/>\n<\/em><em>Conseil d\u2019\u00e9thique de l\u2019Association des services de psychiatrie et de sant\u00e9 mentale de l\u2019Universit\u00e9 catholique de Louvain (APSY-UCL)<br \/>\n<\/em><em>CVTS<\/em><em><br \/>\n<\/em><em>D\u00e9fense des enfants DEI-Belgique<br \/>\n<\/em><em>Dynamo AMO<br \/>\n<\/em><em>Ecole en col\u00e8re<br \/>\nF\u00e9d\u00e9ration des CPAS bruxellois<br \/>\nF\u00e9d\u00e9ration des CPAS de l\u2019Union des Villes et communes de Wallonie<br \/>\nF\u00e9d\u00e9ration des CPAS wallons<br \/>\nF\u00e9d\u00e9ration des \u00e9tudiant.e.s francophones<br \/>\nF\u00e9d\u00e9ration la\u00efque de l\u2019aide \u00e0 la jeuness<br \/>\nF\u00e9d\u00e9ration nationale des psychologues praticiens d\u2019orientation psychanalytique (APPPsy)<br \/>\n<\/em><em>FGTB Li\u00e8ge-Huy-Waremme<br \/>\n<\/em><em>FGTB Wallonne<\/em><br \/>\n<em>Forum Bruxelles contre les in\u00e9galit\u00e9s<\/em><br \/>\n<em>Groupement Belge des omnipraticiens \u2013 Le monde des sp\u00e9cialistes (GBO-MoDeS)<br \/>\n<\/em><em>Inter-F\u00e9d\u00e9rations de l\u2019aide \u00e0 la jeunesse<\/em><br \/>\n<em>Jeunes FGTB Bruxelles<br \/>\n<\/em><em>Jeunes CGSP Bruxelles<br \/>\n<\/em><em>La CODE<\/em><br \/>\n<em>La Gerbe AMO<br \/>\n<\/em><em>La marche des migrants<\/em><br \/>\n<em>Le CEMO<br \/>\n<\/em><em>Ligue des droits de l\u2019Homme<br \/>\n<\/em><em>MOC<br \/>\n<\/em><em>MOC Bruxelles<\/em><br \/>\n<em>Observatoire de l\u2019Enfance, de la Jeunesse et de l\u2019Aide \u00e0 la Jeunesse<br \/>\n<\/em><em>Promo Jeunes AMO<br \/>\n<\/em><em>R\u00e9alisation, T\u00e9l\u00e9formation et Animation<br \/>\n<\/em><em>R\u00e9seau Wallon de lutte contre la Pauvret\u00e9<br \/>\n<\/em><em>R\u00e9alisation T\u00e9l\u00e9formation et Animation (RTA)<br \/>\n<\/em><em>Service Abaka<br \/>\n<\/em><em>Service droit des jeunes<\/em><br \/>\n<em>SETCa<\/em><br \/>\n<em>Solidaris -Mutualit\u00e9 socialiste<\/em><br \/>\n<em>SOS Jeunes-quartier libre<br \/>\n<\/em><em>R\u00e9seau des Initiatives Enfants-Parents-Professionnels<\/em><br \/>\n<em>R\u00e9seau wallon pour l\u2019acc\u00e8s durable \u00e0 l\u2019\u00e9nergie<\/em><br \/>\n<em>Tout Autre chose<\/em><br \/>\n<em>Travailleurs sans emploi (CSC)<br \/>\n<\/em><em>Union professionnelle des Psychologues (Uppsy)<\/em><\/p>\n<p><em>Centre Europ\u00e9en de M\u00e9diations (asbl)<\/em><\/p>\n<p><em>Union Belge des M\u00e9diateurs Professionnels (UBMP-BUPB-BUPM)<\/em><\/p>\n<ul>\n<li>D\u2019inscrire dans cet article que les intervenants psycho-m\u00e9dico-sociaux ne pourraient participer \u00e0 cette concertation que moyennant l\u2019accord pr\u00e9alable et \u00e9clair\u00e9 de la personne concern\u00e9e.<\/li>\n<\/ul>\n<\/div>\n<div id=\"post-3148\" class=\"post-3148 post type-post status-publish format-standard hentry category-non-classe-nl language-nl\">\n<div class=\"post-text\"><\/div>\n<\/div>\n","protected":false},"excerpt":{"rendered":"<p>La ligue des droits de&nbsp;l\u2019homme a mis ce qui suit sur leur site. Un point de vue que nous partageons. La ligue des droits de&nbsp;l\u2019homme a mis ce qui suit sur leur site. Un point de vue que nous partageons. &hellip; <a href=\"https:\/\/ubmp-bupb.org\/newsite\/fr\/le-secret-professionnel-en-question\/\">Lees verder <span class=\"meta-nav\">&rarr;<\/span><\/a><\/p>\n","protected":false},"author":13,"featured_media":0,"parent":0,"menu_order":0,"comment_status":"closed","ping_status":"closed","template":"","meta":{"_cbd_carousel_blocks":"[]","footnotes":""},"class_list":["post-3152","page","type-page","status-publish","hentry"],"jetpack_sharing_enabled":true,"_links":{"self":[{"href":"https:\/\/ubmp-bupb.org\/newsite\/wp-json\/wp\/v2\/pages\/3152","targetHints":{"allow":["GET"]}}],"collection":[{"href":"https:\/\/ubmp-bupb.org\/newsite\/wp-json\/wp\/v2\/pages"}],"about":[{"href":"https:\/\/ubmp-bupb.org\/newsite\/wp-json\/wp\/v2\/types\/page"}],"author":[{"embeddable":true,"href":"https:\/\/ubmp-bupb.org\/newsite\/wp-json\/wp\/v2\/users\/13"}],"replies":[{"embeddable":true,"href":"https:\/\/ubmp-bupb.org\/newsite\/wp-json\/wp\/v2\/comments?post=3152"}],"version-history":[{"count":13,"href":"https:\/\/ubmp-bupb.org\/newsite\/wp-json\/wp\/v2\/pages\/3152\/revisions"}],"predecessor-version":[{"id":6184,"href":"https:\/\/ubmp-bupb.org\/newsite\/wp-json\/wp\/v2\/pages\/3152\/revisions\/6184"}],"wp:attachment":[{"href":"https:\/\/ubmp-bupb.org\/newsite\/wp-json\/wp\/v2\/media?parent=3152"}],"curies":[{"name":"wp","href":"https:\/\/api.w.org\/{rel}","templated":true}]}}