{"id":2719,"date":"2017-04-16T06:58:27","date_gmt":"2017-04-16T04:58:27","guid":{"rendered":"http:\/\/ubmp-bupb.org\/?page_id=2719"},"modified":"2025-05-17T08:41:41","modified_gmt":"2025-05-17T06:41:41","slug":"permanente-vormingen","status":"publish","type":"page","link":"https:\/\/ubmp-bupb.org\/newsite\/nl\/permanente-vormingen\/","title":{"rendered":"BASISOPLEIDING BEMIDDELAAR"},"content":{"rendered":"\n<h3 class=\"wp-block-heading\">org. <a href=\"https:\/\/youtu.be\/erO6Fzmh4_Y?feature=shared\" target=\"_blank\" rel=\"noreferrer noopener\">Pro Mediation<\/a><\/h3>\n\n\n\n<p>In de basisopleiding maakt u kennis met de algemene bemiddelingsprincipes vanuit een zowel psychologische, sociologische, deontologische als juridische invalshoek.<br><br>U zal zich de belangrijkste theorie\u00ebn inzake communicatie eigen maken met praktische vaardigheden die u in de vingers krijgt aan de hand van relevante modellen. Daarnaast zal u ook de conflicttheorie\u00ebn en vaardigheden beheersen zodat u stapsgewijs de plaats van de bemiddelaar zal leren kennen binnen deze communicatiemodellen.<\/p>\n\n\n\n<p>De opleiding wordt erkend voor<strong>&nbsp;40 punten<\/strong>&nbsp;door de&nbsp;<strong>Orde van Vlaamse Balies<\/strong>&nbsp;en is ook erkend door&nbsp;<strong>de Kamer van Notarissen<\/strong>.<\/p>\n\n\n\n<p><\/p>\n\n\n\n<figure class=\"wp-block-image size-full\"><a href=\"https:\/\/i0.wp.com\/ubmp-bupb.org\/newsite\/wp-content\/uploads\/2023\/11\/Pro_Mediation_UBMP_logo.jpeg\"><img loading=\"lazy\" decoding=\"async\" width=\"138\" height=\"75\" src=\"https:\/\/i0.wp.com\/ubmp-bupb.org\/newsite\/wp-content\/uploads\/2023\/11\/Pro_Mediation_UBMP_logo.jpeg?resize=138%2C75\" alt=\"\" class=\"wp-image-7759\" data-recalc-dims=\"1\"\/><\/a><\/figure>\n\n\n\n\n\n<h2 class=\"wp-block-heading\"><strong>FORMATION EN MEDIATION GENERALE ET INTERCULTURELLE<\/strong><\/h2>\n\n\n\n<p>Le Centre Europ\u00e9en de M\u00e9diations \u2013 asbl organise des formations en m\u00e9diation g\u00e9n\u00e9rale et interculturelle \u00a0<\/p>\n\n\n\n<p>Pour de plus amples Informations-inscriptions: <a href=\"mailto:centre.europeen.mediations@gmail.com\">centre.europeen.mediations@gmail.com<\/a>&nbsp;ou tel. 0476 261 216<\/p>\n\n\n\n<h1 class=\"wp-block-heading\">VCOK is een vormingscentrum gespecialiseerd in bemiddeling<\/h1>\n\n\n\n<p class=\"has-text-align-left\">\u201cVCOK is een vormingscentrum gespecialiseerd in bemiddeling,&nbsp;kinderopvang en opvoeding. We staan in voor de opleiding en nascholing van bemiddelaars.&nbsp;We werken volgens het bemiddelingsmodel contrapunt.&nbsp;De opleiding bemiddeling bestaat uit een basismodule en twee uitstroommodules. Deze modules kunnen afzonderlijk of samen gevolgd worden (zie inschrijving en inschrijvingsgeld). Terwijl de basismodule de grondslag vormt voor de nodige kennis en vaardigheden van de bemiddelaar, bieden de uitstroommodules contextgebonden specialisaties aan in ofwel familiezaken ofwel burgerlijke en handelszaken. In deze uitstroommodules worden de lesgevers bijgestaan door praktiserende bemiddelaars.\u201d<\/p>\n\n\n\n<p><strong>OPLEIDING BEMIDDELING AAN DE KU LEUVEN?<\/strong><\/p>\n\n\n\n<p><a href=\"http:\/\/www.law.kuleuven.be\/bemiddeling\/postgraduaat\">http:\/\/www.law.kuleuven.be\/bemiddeling\/postgraduaat<\/a><\/p>\n\n\n\n<figure class=\"wp-block-table\"><table><tbody><tr><td><\/td><td><a href=\"http:\/\/www.law.kuleuven.be\/bemiddeling\/postgraduaat\">Postgraduaat Bemiddeling \u2013 Bemiddeling<\/a><br>Postgraduaat bemiddeling, specialisatie familiaal bemiddelaar. Deze multidisciplinaire en praktijkgerichte opleiding is gericht op het opleiden van familiaal \u2026<\/td><\/tr><\/tbody><\/table><\/figure>\n","protected":false},"excerpt":{"rendered":"<p>org. Pro Mediation In de basisopleiding maakt u kennis met de algemene bemiddelingsprincipes vanuit een zowel psychologische, sociologische, deontologische als juridische invalshoek. U zal zich de belangrijkste theorie\u00ebn inzake communicatie eigen maken met praktische vaardigheden die u in de vingers &hellip; <a href=\"https:\/\/ubmp-bupb.org\/newsite\/nl\/permanente-vormingen\/\">Lees verder <span class=\"meta-nav\">&rarr;<\/span><\/a><\/p>\n","protected":false},"author":18,"featured_media":0,"parent":0,"menu_order":0,"comment_status":"closed","ping_status":"closed","template":"","meta":{"_cbd_carousel_blocks":"[]","footnotes":""},"class_list":["post-2719","page","type-page","status-publish","hentry"],"_links":{"self":[{"href":"https:\/\/ubmp-bupb.org\/newsite\/wp-json\/wp\/v2\/pages\/2719","targetHints":{"allow":["GET"]}}],"collection":[{"href":"https:\/\/ubmp-bupb.org\/newsite\/wp-json\/wp\/v2\/pages"}],"about":[{"href":"https:\/\/ubmp-bupb.org\/newsite\/wp-json\/wp\/v2\/types\/page"}],"author":[{"embeddable":true,"href":"https:\/\/ubmp-bupb.org\/newsite\/wp-json\/wp\/v2\/users\/18"}],"replies":[{"embeddable":true,"href":"https:\/\/ubmp-bupb.org\/newsite\/wp-json\/wp\/v2\/comments?post=2719"}],"version-history":[{"count":43,"href":"https:\/\/ubmp-bupb.org\/newsite\/wp-json\/wp\/v2\/pages\/2719\/revisions"}],"predecessor-version":[{"id":7963,"href":"https:\/\/ubmp-bupb.org\/newsite\/wp-json\/wp\/v2\/pages\/2719\/revisions\/7963"}],"wp:attachment":[{"href":"https:\/\/ubmp-bupb.org\/newsite\/wp-json\/wp\/v2\/media?parent=2719"}],"curies":[{"name":"wp","href":"https:\/\/api.w.org\/{rel}","templated":true}]}}