{"id":161,"date":"2012-12-04T15:30:46","date_gmt":"2012-12-04T14:30:46","guid":{"rendered":"http:\/\/ubmp.follow-us.eu\/?page_id=161"},"modified":"2025-01-04T15:03:10","modified_gmt":"2025-01-04T14:03:10","slug":"qui-sommes-nous","status":"publish","type":"page","link":"https:\/\/ubmp-bupb.org\/newsite\/fr\/qui-sommes-nous\/","title":{"rendered":"Qui sommes-nous ?"},"content":{"rendered":"\n<p>Voil\u00e0 plus d\u2019une vingtaine d\u2019ann\u00e9es, qu\u2019ont d\u00e9but\u00e9 en Belgique les premi\u00e8res pratiques de m\u00e9diation. D\u00e8s 1991 ont \u00e9t\u00e9 cr\u00e9\u00e9s les post-graduats en m\u00e9diation dans l\u2019enseignement de Promotion Sociale francophone. Depuis lors, l\u2019id\u00e9e d\u2019une union professionnelle a fait son chemin.<br>Constitu\u00e9e officiellement en 2003 (loi de 1898), l\u2019Union Belge des M\u00e9diateurs Professionnels (UBMP) est n\u00e9e dans la perspective d\u2019une repr\u00e9sentation des m\u00e9diateurs de la cat\u00e9gorie &nbsp;\u00ab&nbsp;tiers&nbsp;\u00bb. Elle a \u00e9t\u00e9 reconnue par le Conseil d\u2019\u00c9tat (2006) comme Union Professionnelle et comme f\u00e9d\u00e9ration professionnelle par le SPF \u00c9conomie (2013). Cette reconnaissance a \u00e9t\u00e9 renouvel\u00e9e en 2024 suite \u00e0 sa transformation en asbl.<\/p>\n\n\n\n<p>L&#8217;UBMP est repr\u00e9sent\u00e9e au sein de la Commission F\u00e9d\u00e9rale de M\u00e9diation ainsi qu\u2019au Conseil sup\u00e9rieur des Ind\u00e9pendants et des PME. Elle entend associer tous les m\u00e9diateurs aux d\u00e9cisions politiques qui concernent l\u2019avenir et la visibilit\u00e9 de cette nouvelle profession qu\u2019est la m\u00e9diation.<\/p>\n\n\n\n<p>L\u2019UBMP regroupe en son sein des m\u00e9diateurs exer\u00e7ant dans des champs multiples et vari\u00e9s en pleine \u00e9volution. Les objectifs de l\u2019 UBMP visent \u00e0 offrir un cadre de travail qualitatif et s\u00e9curisant pour tous les professionnels concern\u00e9s. Son but est de promouvoir la m\u00e9diation et d\u2019assurer le d\u00e9veloppement professionnel des m\u00e9diateurs membres. Les statuts de l&#8217;Union Belge des M\u00e9diateurs Professionnels peuvent \u00eatre consult\u00e9s par nos membres. &nbsp; Joignez-vous \u00e0 nous pour \u00e9changer sur nos pratiques, confronter nos id\u00e9es et d\u00e9fendre notre nouvelle profession.<\/p>\n\n\n\n<p>Pour toute information compl\u00e9mentaire, vous pouvez&nbsp; envoyer un mail \u00e0 l&#8217;aide du formulaire ci-dessous. <\/p>\n\n\n\n<p><\/p>\n\n\n\n<p>Composition du conseil d&#8217;administration :<\/p>\n\n\n\n<p>Mr.\u00a0<a href=\"https:\/\/www.linkedin.com\/in\/anwar-soulami\/\">Anwar Soulami<\/a>\u00a0\u2013 Pr\u00e9sident<\/p>\n\n\n\n<p>Mr.\u00a0<a href=\"https:\/\/www.linkedin.com\/in\/mediatus\/\">Luc Slosse<\/a>\u00a0\u2013 Vice-pr\u00e9sident<\/p>\n\n\n\n<p>Mr.\u00a0<a href=\"https:\/\/www.linkedin.com\/in\/fabrice-d-3b557326\/\">Fabrice Dury<\/a>\u00a0\u2013 Tr\u00e9sorier<\/p>\n\n\n\n<p>Mme\u00a0<a href=\"https:\/\/www.linkedin.com\/in\/ren%C3%A9e-huybrechts-a4959a1b\/\">Ren\u00e9e Huybrechts<\/a>\u00a0\u2013 Secr. administration des membres<\/p>\n\n\n\n<p>Mme <a href=\"https:\/\/www.linkedin.com\/in\/sehriban-saritas-028b5b60\/\">Sehriban Saritas<\/a><\/p>\n\n\n\n<p>Mme <a href=\"https:\/\/www.linkedin.com\/in\/helene-van-den-steen-3048a128\/\">Hel\u00e8ne van den Steen<\/a>\u00a0<\/p>\n\n\n\n<p><em>(Photo : &#8220;L&#8217;arbre \u00e0 palabres&#8221; , oeuvre de Bebu <a href=\"http:\/\/www.artmajeur.com\/en\/artist\/bebu\" target=\"_blank\" rel=\"noreferrer noopener\">http:\/\/www.artmajeur.com\/en\/artist\/bebu)<\/a><\/em><\/p>\n\n\n\n<div style=\"height:58px\" aria-hidden=\"true\" class=\"wp-block-spacer\"><\/div>\n\n\n<div class=\"frm_forms  with_frm_style frm_style_style-formidable\" id=\"frm_form_8_container\" >\n<form enctype=\"multipart\/form-data\" method=\"post\" class=\"frm-show-form \" id=\"form_8lj0y3\" >\n<div class=\"frm_form_fields \">\n<fieldset>\n\r\n<div class=\"frm_fields_container\">\n<input type=\"hidden\" name=\"frm_action\" value=\"create\" \/>\n<input type=\"hidden\" name=\"form_id\" value=\"8\" \/>\n<input type=\"hidden\" name=\"frm_hide_fields_8\" id=\"frm_hide_fields_8\" value=\"\" \/>\n<input type=\"hidden\" name=\"form_key\" value=\"8lj0y3\" \/>\n<input type=\"hidden\" name=\"item_meta[0]\" value=\"\" \/>\n<input type=\"hidden\" id=\"frm_submit_entry_8\" name=\"frm_submit_entry_8\" value=\"7a959c5377\" \/><input type=\"hidden\" name=\"_wp_http_referer\" value=\"\/newsite\/wp-json\/wp\/v2\/pages\/161\" \/><div id=\"frm_field_87_container\" class=\"frm_form_field form-field  frm_required_field frm_top_container frm_left_half\">\r\n    <label for=\"field_ynza5p\" class=\"frm_primary_label\">Pr\u00e9nom\/Voornaam\r\n        <span class=\"frm_required\">*<\/span>\r\n    <\/label>\r\n    <input type=\"text\" id=\"field_ynza5p\" name=\"item_meta[87]\" value=\"\"  data-reqmsg=\"Ce champ doit \u00eatre compl\u00e9t\u00e9\" aria-required=\"true\" data-invmsg=\"Pr\u00e9nom\/Voornaam is ongeldig\" aria-invalid=\"false\"  \/>\r\n    \r\n    \r\n<\/div>\n<div id=\"frm_field_88_container\" class=\"frm_form_field form-field  frm_required_field frm_top_container frm_right_half\">\r\n    <label for=\"field_2gz4hf\" class=\"frm_primary_label\">Nom\/Naam\r\n        <span class=\"frm_required\">*<\/span>\r\n    <\/label>\r\n    <input type=\"text\" id=\"field_2gz4hf\" name=\"item_meta[88]\" value=\"\"  data-reqmsg=\"Ce champ doit \u00eatre compl\u00e9t\u00e9\" aria-required=\"true\" data-invmsg=\"Nom\/Naam is ongeldig\" aria-invalid=\"false\"  \/>\r\n    \r\n    \r\n<\/div>\n<div id=\"frm_field_89_container\" class=\"frm_form_field form-field  frm_required_field frm_top_container frm_full\">\r\n    <label for=\"field_yo6uzg\" class=\"frm_primary_label\">Email\r\n        <span class=\"frm_required\">*<\/span>\r\n    <\/label>\r\n    <input type=\"email\" id=\"field_yo6uzg\" name=\"item_meta[89]\" value=\"\"  data-reqmsg=\"Ce champ doit \u00eatre compl\u00e9t\u00e9\" aria-required=\"true\" data-invmsg=\"Veuillez entrrer une adresse valide\" aria-invalid=\"false\"  \/>\r\n    \r\n    \r\n<\/div>\n<div id=\"frm_field_91_container\" class=\"frm_form_field form-field  frm_required_field frm_top_container frm_full\">\r\n    <label for=\"field_lxuogw\" class=\"frm_primary_label\">Objet du message\r\n        <span class=\"frm_required\">*<\/span>\r\n    <\/label>\r\n    <input type=\"text\" id=\"field_lxuogw\" name=\"item_meta[91]\" value=\"\"  data-reqmsg=\"Objet du message cannot be blank.\" aria-required=\"true\" data-invmsg=\"Objet du message is ongeldig\" aria-invalid=\"false\"  \/>\r\n    \r\n    \r\n<\/div>\n<div id=\"frm_field_93_container\" class=\"frm_form_field form-field  frm_inline_container\">\r\n    <label for=\"g-recaptcha-response\" class=\"frm_primary_label\">Vous n'\u00eates pas un robot, n'est-ce pas ?\r\n        <span class=\"frm_required\"><\/span>\r\n    <\/label>\r\n    <div  id=\"field_7g0fij\" class=\"g-recaptcha\" data-sitekey=\"6Le0bS0UAAAAAHEsYxfHzs0gXC2B7mOCubBzlmwh\" data-size=\"normal\" data-theme=\"light\"><\/div>\r\n    <div id=\"frm_desc_field_7g0fij\" class=\"frm_description\">I'm not a robot <\/div>\r\n    \r\n<\/div>\n<div id=\"frm_field_92_container\" class=\"frm_form_field form-field  frm_required_field frm_top_container frm_full\">\r\n    <label for=\"field_pl73ie\" class=\"frm_primary_label\">Message\r\n        <span class=\"frm_required\">*<\/span>\r\n    <\/label>\r\n    <textarea name=\"item_meta[92]\" id=\"field_pl73ie\" rows=\"5\"  data-reqmsg=\"Ce champ doit \u00eatre compl\u00e9t\u00e9\" aria-required=\"true\" data-invmsg=\"Message is ongeldig\" aria-invalid=\"false\"  ><\/textarea>\r\n    \r\n    \r\n<\/div>\n<div id=\"frm_field_703_container\" class=\"frm_form_field form-field \">\n\t<div class=\"frm_submit\">\r\n\r\n<input type=\"submit\" value=\"Envoyer\"  \/>\r\n<img decoding=\"async\" class=\"frm_ajax_loading\" src=\"https:\/\/i0.wp.com\/ubmp-bupb.org\/newsite\/wp-content\/plugins\/formidable\/images\/ajax_loader.gif?w=584&#038;ssl=1\" alt=\"Envoi\" data-recalc-dims=\"1\"\/>\r\n\r\n<\/div>\n<\/div>\n\t<input type=\"hidden\" name=\"item_key\" value=\"\" \/>\n\t\t\t<div id=\"frm_field_704_container\">\n\t\t\t<label for=\"field_xdop3\" >\n\t\t\t\tIndien u een mens bent, laat dit veld leeg:.\t\t\t<\/label>\n\t\t\t<input  id=\"field_xdop3\" type=\"text\" class=\"frm_form_field form-field frm_verify\" name=\"item_meta[704]\" value=\"\"  \/>\n\t\t<\/div>\n\t\t<input name=\"frm_state\" type=\"hidden\" value=\"gQ9ntxHVJqPsWtXiMA1pZDKBh+vVkMbvbA6q\/69\/lDw=\" \/><\/div>\n<\/fieldset>\n<\/div>\n\n<p style=\"display: none !important;\" class=\"akismet-fields-container\" data-prefix=\"ak_\"><label>&#916;<textarea name=\"ak_hp_textarea\" cols=\"45\" rows=\"8\" maxlength=\"100\"><\/textarea><\/label><input type=\"hidden\" id=\"ak_js_1\" name=\"ak_js\" value=\"71\"\/><script>document.getElementById( \"ak_js_1\" ).setAttribute( \"value\", ( new Date() ).getTime() );<\/script><\/p><\/form>\n<\/div>\n\n","protected":false},"excerpt":{"rendered":"<p>Voil\u00e0 plus d\u2019une vingtaine d\u2019ann\u00e9es, qu\u2019ont d\u00e9but\u00e9 en Belgique les premi\u00e8res pratiques de m\u00e9diation. D\u00e8s 1991 ont \u00e9t\u00e9 cr\u00e9\u00e9s les post-graduats en m\u00e9diation dans l\u2019enseignement de Promotion Sociale francophone. Depuis lors, l\u2019id\u00e9e d\u2019une union professionnelle a fait son chemin.Constitu\u00e9e officiellement &hellip; <a href=\"https:\/\/ubmp-bupb.org\/newsite\/fr\/qui-sommes-nous\/\">Lees verder <span class=\"meta-nav\">&rarr;<\/span><\/a><\/p>\n","protected":false},"author":1,"featured_media":4954,"parent":0,"menu_order":0,"comment_status":"closed","ping_status":"open","template":"","meta":{"_cbd_carousel_blocks":"[]","footnotes":""},"class_list":["post-161","page","type-page","status-publish","has-post-thumbnail","hentry"],"_links":{"self":[{"href":"https:\/\/ubmp-bupb.org\/newsite\/wp-json\/wp\/v2\/pages\/161","targetHints":{"allow":["GET"]}}],"collection":[{"href":"https:\/\/ubmp-bupb.org\/newsite\/wp-json\/wp\/v2\/pages"}],"about":[{"href":"https:\/\/ubmp-bupb.org\/newsite\/wp-json\/wp\/v2\/types\/page"}],"author":[{"embeddable":true,"href":"https:\/\/ubmp-bupb.org\/newsite\/wp-json\/wp\/v2\/users\/1"}],"replies":[{"embeddable":true,"href":"https:\/\/ubmp-bupb.org\/newsite\/wp-json\/wp\/v2\/comments?post=161"}],"version-history":[{"count":43,"href":"https:\/\/ubmp-bupb.org\/newsite\/wp-json\/wp\/v2\/pages\/161\/revisions"}],"predecessor-version":[{"id":7863,"href":"https:\/\/ubmp-bupb.org\/newsite\/wp-json\/wp\/v2\/pages\/161\/revisions\/7863"}],"wp:featuredmedia":[{"embeddable":true,"href":"https:\/\/ubmp-bupb.org\/newsite\/wp-json\/wp\/v2\/media\/4954"}],"wp:attachment":[{"href":"https:\/\/ubmp-bupb.org\/newsite\/wp-json\/wp\/v2\/media?parent=161"}],"curies":[{"name":"wp","href":"https:\/\/api.w.org\/{rel}","templated":true}]}}