{"id":5002,"date":"2019-11-14T06:47:46","date_gmt":"2019-11-14T05:47:46","guid":{"rendered":"http:\/\/ubmp-bupb.org\/newsite\/?page_id=5002"},"modified":"2020-04-24T13:42:15","modified_gmt":"2020-04-24T11:42:15","slug":"mediation-dans-la-cite","status":"publish","type":"page","link":"http:\/\/ubmp-bupb.org\/newsite\/fr\/public\/quelle-mediation-choisir\/mediation-dans-la-cite\/","title":{"rendered":"M\u00e9diation dans la cit\u00e9"},"content":{"rendered":"\n<h3 class=\"wp-block-heading\"><strong>Quelques exemples de situations<\/strong><\/h3>\n\n\n\n<ul class=\"wp-block-list\"><li>Mon voisin d\u2019en haut est tellement bruyant. Comment lui faire comprendre que nous avons&nbsp;besoin de repos ?<\/li><li>Ils me font peur ces jeunes qui occupent le trottoir au coin de ma rue, notre quartier change,&nbsp;l\u2019ambiance est tendue.<\/li><li>Le propri\u00e9taire fait la sourde oreille quand on lui parle de r\u00e9parations !<\/li><li>Je lui ai envoy\u00e9 un pr\u00e9avis dans les r\u00e8gles, et pourtant mon locataire refuse de quitter&nbsp;l\u2019appartement.<\/li><li>Les tensions entre mon mari et notre fils deviennent insupportables, je n\u2019arrive plus \u00e0 les calmer, les voisins s\u2019en rendent comptes, ils font des r\u00e9flexions !<\/li><li>L\u2019\u00e9tat de la maison \u00e0 c\u00f4t\u00e9 est vraiment d\u00e9sastreux ! Qui va s\u2019occuper des infiltrations d\u2019eau et de cette plante grimpante qui envahit ma fa\u00e7ade ?<\/li><\/ul>\n\n\n\n<h3 class=\"wp-block-heading\"><strong>Bref descriptif, accessibilit\u00e9 et co\u00fbt<\/strong><\/h3>\n\n\n\n<p>Dans beaucoup de villes et de communes des m\u00e9diateurs proposent \u00e0 tous les habitants une aide \u00e0 la recherche de solutions \u00ab \u00e0 l\u2019amiable \u00bb dans les conflits de la vie de tous les jours : voisinage, locataires\/propri\u00e9taires, intra-familiaux, etc. <br>Ce type de m\u00e9diation porte plusieurs appellations : m\u00e9diation de quartier, de proximit\u00e9, locale ou encore m\u00e9diation de conflits. <br>Elle est accessible \u00e0 tous, gratuitement. <br>Elle repr\u00e9sente une alternative au d\u00e9p\u00f4t de plainte \u00e0 la police et au recours \u00e0 la proc\u00e9dure en justice de paix.<\/p>\n\n\n\n<p>Les citoyens font, g\u00e9n\u00e9ralement, appel spontan\u00e9ment au service de m\u00e9diation. Ils peuvent \u00e9galement y \u00eatre invit\u00e9s, suite \u00e0 un d\u00e9p\u00f4t de plainte \u00e0 la police ou encore lorsque le dossier arrive au parquet (m\u00e9diation locale).<\/p>\n\n\n\n<p>Le travail des m\u00e9diateurs de quartier comporte souvent une dimension communautaire : ils peuvent proposer la m\u00e9diation \u00e0 l\u2019\u00e9chelle d\u2019une rue ou d\u2019un quartier.<\/p>\n\n\n\n<p>Ces services rel\u00e8vent soit des budgets de la r\u00e9gion soit des budgets communaux soit encore des budgets de la zone de police. En R\u00e9gion Wallonne, on parle plut\u00f4t de m\u00e9diateurs de quartier et \u00e0 Bruxelles, de m\u00e9diateurs de proximit\u00e9 ou de m\u00e9diateurs locaux.<\/p>\n\n\n\n<p>Le recours au service de m\u00e9diation est une d\u00e9marche libre et volontaire et confidentielle.<\/p>\n\n\n\n<h3 class=\"wp-block-heading\"><strong>Historique<\/strong><\/h3>\n\n\n\n<p>Les premiers m\u00e9diateurs de quartier sont apparus, notamment \u00e0 Charleroi et dans quelques communes bruxelloises, au d\u00e9but des ann\u00e9es nonante, avec la mise en place des Contrats de S\u00e9curit\u00e9, fruits d\u2019une politique contractuelle associant l\u2019\u00c9tat, les R\u00e9gions et les Communes.<\/p>\n\n\n\n<p>Depuis 20 ans, les Contrats \u00e9voluent et d\u00e9veloppent un important volet pr\u00e9ventif, de nouveaux services de m\u00e9diation voient le jour r\u00e9guli\u00e8rement. Les m\u00e9diateurs se regroupent au sein d\u2019associations garantes de leur cadre m\u00e9thodologique et d\u00e9ontologique.<\/p>\n\n\n\n<h3 class=\"wp-block-heading\"><strong>Cadre l\u00e9gal<\/strong><\/h3>\n\n\n\n<p>Les m\u00e9diateurs locaux travaillent dans le cadre d\u2019une circulaire du Parquet de Bruxelles du 19 octobre 2006. Ils tentent de donner des r\u00e9ponses \u00e0 des plaintes p\u00e9nales pour des petites infractions ou des petits d\u00e9lits qui pourraient \u00e9ventuellement \u00eatre class\u00e9es sans suite.<\/p>\n\n\n\n<p>Les R\u00e9gions et les communes organisent l\u2019attribution des subsides.<\/p>\n\n\n\n<h3 class=\"wp-block-heading\"><strong>Contact<\/strong><\/h3>\n\n\n\n<ul class=\"wp-block-list\"><li>Site Internet : <a href=\"http:\/\/www.ubmp-bupb.org\/\">www.ubmp-bupb.org<\/a><\/li><li>Annuaire des m\u00e9diateurs :&nbsp;<a href=\"http:\/\/ubmp-bupb.org\/fr\/liste-des-mediateurs\/\">www.ubmp-bupb.org\/fr\/liste-des-mediateurs\/<\/a><\/li><li><strong>FMQF&nbsp;:<\/strong>F\u00e9d\u00e9ration des M\u00e9diateurs de Quartier Francophone<\/li><li>Plateforme des m\u00e9diateurs locaux de la R\u00e9gion de Bruxelles Capitale<\/li><\/ul>\n","protected":false},"excerpt":{"rendered":"<p>Quelques exemples de situations Mon voisin d\u2019en haut est tellement bruyant. Comment lui faire comprendre que nous avons&nbsp;besoin de repos ? Ils me font peur ces jeunes qui occupent le trottoir au coin de ma rue, notre quartier change,&nbsp;l\u2019ambiance est &hellip; <a href=\"http:\/\/ubmp-bupb.org\/newsite\/fr\/public\/quelle-mediation-choisir\/mediation-dans-la-cite\/\">Lees verder <span class=\"meta-nav\">&rarr;<\/span><\/a><\/p>\n","protected":false},"author":1,"featured_media":4949,"parent":1305,"menu_order":0,"comment_status":"closed","ping_status":"closed","template":"","meta":{"_cbd_carousel_blocks":"[]","footnotes":""},"class_list":["post-5002","page","type-page","status-publish","has-post-thumbnail","hentry"],"_links":{"self":[{"href":"http:\/\/ubmp-bupb.org\/newsite\/wp-json\/wp\/v2\/pages\/5002","targetHints":{"allow":["GET"]}}],"collection":[{"href":"http:\/\/ubmp-bupb.org\/newsite\/wp-json\/wp\/v2\/pages"}],"about":[{"href":"http:\/\/ubmp-bupb.org\/newsite\/wp-json\/wp\/v2\/types\/page"}],"author":[{"embeddable":true,"href":"http:\/\/ubmp-bupb.org\/newsite\/wp-json\/wp\/v2\/users\/1"}],"replies":[{"embeddable":true,"href":"http:\/\/ubmp-bupb.org\/newsite\/wp-json\/wp\/v2\/comments?post=5002"}],"version-history":[{"count":8,"href":"http:\/\/ubmp-bupb.org\/newsite\/wp-json\/wp\/v2\/pages\/5002\/revisions"}],"predecessor-version":[{"id":5882,"href":"http:\/\/ubmp-bupb.org\/newsite\/wp-json\/wp\/v2\/pages\/5002\/revisions\/5882"}],"up":[{"embeddable":true,"href":"http:\/\/ubmp-bupb.org\/newsite\/wp-json\/wp\/v2\/pages\/1305"}],"wp:featuredmedia":[{"embeddable":true,"href":"http:\/\/ubmp-bupb.org\/newsite\/wp-json\/wp\/v2\/media\/4949"}],"wp:attachment":[{"href":"http:\/\/ubmp-bupb.org\/newsite\/wp-json\/wp\/v2\/media?parent=5002"}],"curies":[{"name":"wp","href":"https:\/\/api.w.org\/{rel}","templated":true}]}}