{"id":396,"date":"2013-01-25T19:15:26","date_gmt":"2013-01-25T18:15:26","guid":{"rendered":"http:\/\/ubmp-bupb.org\/WordPress3\/?page_id=396"},"modified":"2020-04-24T09:05:56","modified_gmt":"2020-04-24T07:05:56","slug":"pacte-de-solidarite","status":"publish","type":"page","link":"http:\/\/ubmp-bupb.org\/newsite\/fr\/membres\/deontologie\/pacte-de-solidarite\/","title":{"rendered":"Pacte de solidarit\u00e9"},"content":{"rendered":"\n<h4 class=\"wp-block-heading\">Pacte de solidarit\u00e9, de transparence et de loyaut\u00e9 <br>de l&#8217;Union Belge des M\u00e9diateurs Professionnels<\/h4>\n\n\n\n<p>Ce pacte est n\u00e9 de plusieurs ateliers. Il a \u00e9t\u00e9 r\u00e9dig\u00e9 et comment\u00e9 par plus de 100 m\u00e9diateurs professionnels appartenant \u00e0 diff\u00e9rents services, associations et ind\u00e9pendants, toutes r\u00e9gions et champs confondus. Notre Union prend ici en charge l&#8217;int\u00e9r\u00eat collectif au-del\u00e0 des int\u00e9r\u00eats particuliers. Aujourd&#8217;hui, nous demandons le soutien du pacte sur le fond plut\u00f4t que sur la forme. Notre souhait est que toutes associations, services, regroupements, institutions\u2026 li\u00e9s \u00e0 la m\u00e9diation puissent soutenir le pr\u00e9sent document.<\/p>\n\n\n\n<h4 class=\"wp-block-heading\">Pacte de solidarit\u00e9, de transparence et de loyaut\u00e9<br>entre m\u00e9diateurs professionnels exer\u00e7ant en Belgique quel que soit leur champ de pratique<\/h4>\n\n\n\n<p>En signant ce pacte, nous m\u00e9diateurs professionnels,<\/p>\n\n\n\n<ol class=\"wp-block-list\"><li>Nous nous engageons \u00e0 \u00eatre solidaires pour :<ul><li>Partager les exp\u00e9riences, savoirs et informations entre nous ;<\/li><li>Interroger notre pratique notamment en participant \u00e0 des supervisions et des intervisions ;<\/li><li>Acqu\u00e9rir ou avoir acquis une formation de base en m\u00e9diation et continue en lien avec la m\u00e9diation ;<\/li><li>Avoir un esprit d&#8217;ouverture et de confiance \u00e0 l&#8217;\u00e9gard des diff\u00e9rents champs et pratiques de la m\u00e9diation.<\/li><\/ul><\/li><li>Nous nous engageons \u00e0 agir avec transparence pour :<ul><li>Donner \u00e0 ceux qui nous consultent une information compl\u00e8te et claire sur la m\u00e9diation et sur les autres modes de r\u00e9solution des conflits ;<\/li><li>Rester clair(e) et honn\u00eate sur nos comp\u00e9tences, qualifications, limites personnelles et professionnelles ;<\/li><li>Privil\u00e9gier avant tout les int\u00e9r\u00eats de ceux qui font appel \u00e0 nous ;<\/li><li>Favoriser la co-m\u00e9diation ou relayer vers d&#8217;autres m\u00e9diateurs ou d\u2019autres professionnels dans l&#8217;int\u00e9r\u00eat des usagers.<\/li><\/ul><\/li><li>Nous nous engageons \u00e0 \u00eatre loyaux entre nous pour :<ul><li>Appliquer les principes de communication de la m\u00e9diation ;<\/li><li>Nous abstenir de tous propos diffamatoires ou malveillants envers les autres ;<\/li><li>Nous soutenir mutuellement dans notre ind\u00e9pendance professionnelle.<\/li><\/ul><\/li><\/ol>\n\n\n\n<p>Fait \u00e0 Bruxelles, le 29 juin 2009.<br><\/p>\n\n\n\n<p><strong>Contact<\/strong><\/p>\n\n\n\n<p>UBMP-BUPB-BUPM &#8211; Av. Pierre Beyst 4 &#8211; 1070 Bruxelles &#8211; T\u00e9l. +32(0)488.267.242 &#8211; <a href=\"http:\/\/www.ubmp-bupb.org\">www.ubmp-bupb.org<\/a> &#8211; <a href=\"mailto:secretariat.ubmp.bupb@gmail.com\">secretariat.ubmp.bupb@gmail.com<\/a><\/p>\n","protected":false},"excerpt":{"rendered":"<p>Pacte de solidarit\u00e9, de transparence et de loyaut\u00e9 de l&#8217;Union Belge des M\u00e9diateurs Professionnels Ce pacte est n\u00e9 de plusieurs ateliers. Il a \u00e9t\u00e9 r\u00e9dig\u00e9 et comment\u00e9 par plus de 100 m\u00e9diateurs professionnels appartenant \u00e0 diff\u00e9rents services, associations et ind\u00e9pendants, &hellip; <a href=\"http:\/\/ubmp-bupb.org\/newsite\/fr\/membres\/deontologie\/pacte-de-solidarite\/\">Lees verder <span class=\"meta-nav\">&rarr;<\/span><\/a><\/p>\n","protected":false},"author":1,"featured_media":0,"parent":44,"menu_order":0,"comment_status":"open","ping_status":"open","template":"","meta":{"_cbd_carousel_blocks":"[]","footnotes":""},"class_list":["post-396","page","type-page","status-publish","hentry"],"_links":{"self":[{"href":"http:\/\/ubmp-bupb.org\/newsite\/wp-json\/wp\/v2\/pages\/396","targetHints":{"allow":["GET"]}}],"collection":[{"href":"http:\/\/ubmp-bupb.org\/newsite\/wp-json\/wp\/v2\/pages"}],"about":[{"href":"http:\/\/ubmp-bupb.org\/newsite\/wp-json\/wp\/v2\/types\/page"}],"author":[{"embeddable":true,"href":"http:\/\/ubmp-bupb.org\/newsite\/wp-json\/wp\/v2\/users\/1"}],"replies":[{"embeddable":true,"href":"http:\/\/ubmp-bupb.org\/newsite\/wp-json\/wp\/v2\/comments?post=396"}],"version-history":[{"count":10,"href":"http:\/\/ubmp-bupb.org\/newsite\/wp-json\/wp\/v2\/pages\/396\/revisions"}],"predecessor-version":[{"id":5817,"href":"http:\/\/ubmp-bupb.org\/newsite\/wp-json\/wp\/v2\/pages\/396\/revisions\/5817"}],"up":[{"embeddable":true,"href":"http:\/\/ubmp-bupb.org\/newsite\/wp-json\/wp\/v2\/pages\/44"}],"wp:attachment":[{"href":"http:\/\/ubmp-bupb.org\/newsite\/wp-json\/wp\/v2\/media?parent=396"}],"curies":[{"name":"wp","href":"https:\/\/api.w.org\/{rel}","templated":true}]}}