{"id":33,"date":"2012-12-02T12:44:06","date_gmt":"2012-12-02T11:44:06","guid":{"rendered":"http:\/\/ubmp.follow-us.eu\/?page_id=33"},"modified":"2025-04-29T18:20:02","modified_gmt":"2025-04-29T16:20:02","slug":"membres","status":"publish","type":"page","link":"http:\/\/ubmp-bupb.org\/newsite\/fr\/membres\/","title":{"rendered":"Membres"},"content":{"rendered":"\n<h3 class=\"wp-block-heading\">\u00catre membre de l&#8217;Union Belge des M\u00e9diateurs Professionnels, c&#8217;est :<\/h3>\n\n\n\n<ul class=\"wp-block-list\">\n<li>partager une m\u00eame et commune vision de la m\u00e9diation ;<\/li>\n\n\n\n<li>promouvoir les m\u00e9diations, des formations en m\u00e9diation, des conf\u00e9rences,&#8230; (en France, Suisse, Allemagne\u2026) ;<\/li>\n\n\n\n<li>d\u00e9fendre, prot\u00e9ger cette nouvelle profession\n<ul class=\"wp-block-list\">\n<li>recours contre la limitation du secret professionnel<\/li>\n\n\n\n<li>recours contre la loi sur la m\u00e9diation notariale qui octroie la possibilit\u00e9 aux collaborateurs d\u2019un notaire agr\u00e9\u00e9 de conduire des m\u00e9diations sans formation en m\u00e9diation<\/li>\n\n\n\n<li>suivre de pr\u00e8s la loi sur la m\u00e9diation et prot\u00e9ger les m\u00e9diateurs professionnels (qui sera prochainement discut\u00e9e \u00e0 la Commission Justice de la Chambre). <\/li>\n<\/ul>\n<\/li>\n\n\n\n<li>fournir un service professionnel aux m\u00e9di\u00e9s ;<\/li>\n\n\n\n<li>\u00eatre repris sur la liste des m\u00e9diateurs int\u00e9ress\u00e9s \u00e0 \u00eatre sur le site.<\/li>\n<\/ul>\n\n\n\n<p><strong>C\u2019est aussi b\u00e9n\u00e9ficier de services :<\/strong><\/p>\n\n\n\n<ul class=\"wp-block-list\">\n<li>obtenir une assurance R.C. professionnelle \u00e0 prix concurrentiel (pour \u00eatre agr\u00e9\u00e9, cette assurance est obligatoire) ;<\/li>\n\n\n\n<li>suivre l\u2019actualit\u00e9 de la m\u00e9diation ici et ailleurs \u2013 mise \u00e0 jour r\u00e9guli\u00e8rement sur le site web ;<\/li>\n\n\n\n<li>rester inform\u00e9 des \u00e9v\u00e9nements actuels, des&nbsp;informations \u00e0 propos de notre profession ;<\/li>\n\n\n\n<li>obtenir une newsletter (4 \u00e0 6 fois\/an) et des news mensuelles avec du contenu et l\u2019\u00e9cho des travaux du Conseil de Direction ;<\/li>\n\n\n\n<li>recevoir une information sur les formations de base ;<\/li>\n\n\n\n<li>b\u00e9n\u00e9ficier des acc\u00e8s \u00e0 des conf\u00e9rences, formations continues avec r\u00e9ductions (Ex. : UBMP-BUPB-UBPM \u2013 PMR \u2013 AMF  \u2026) ;<\/li>\n\n\n\n<li>participer gratuitement \u00e0 des intervisions \u00e0 Bruxelles, en Wallonie et en Flandre (reconnues&nbsp; par la Commission F\u00e9d\u00e9rale de M\u00e9diation) ;<\/li>\n\n\n\n<li>suivre un agenda en ligne ;<\/li>\n\n\n\n<li>b\u00e9n\u00e9ficier d&#8217;un acc\u00e8s aux biblioth\u00e8ques (Communaut\u00e9 fran\u00e7aise \u2013 n\u00e9erlandaise) qui centralisent nos documents sur les m\u00e9diations, communications, conflits\u2026 ;<\/li>\n\n\n\n<li>avoir la possibilit\u00e9 de mettre une publicit\u00e9 de vos publications, formations\u2026 ;<\/li>\n\n\n\n<li>obtenir des collaborations internationales&#8230;<\/li>\n<\/ul>\n\n\n\n<p><em><strong>Rejoignez l\u2019UBMP aujourd\u2019hui ou renouvelez votre adh\u00e9sion !<\/strong><\/em><\/p>\n\n\n\n<p>Virez votre contribution de <strong>50 \u20ac\/an minimum<\/strong> sur le compte de l\u2019UBMP-BUPB-UBPM \u2013 1070 Bruxelles<br>IBAN = BE98 0003 2526 9793 en mentionnant &#8220;cotisation 2025 + votre nom&#8221;.<\/p>\n\n\n\n<div class=\"wp-block-file\"><a id=\"wp-block-file--media-e2cfa235-e9df-407f-9bab-ffebf1a46c80\" href=\"http:\/\/ubmp-bupb.org\/newsite\/wp-content\/uploads\/2020\/03\/statuts-01-ubmp.pdf\">Consultez les statuts de l&#8217;Union Belge des M\u00e9diateurs Professionnels<\/a><a href=\"http:\/\/ubmp-bupb.org\/newsite\/wp-content\/uploads\/2020\/03\/statuts-01-ubmp.pdf\" class=\"wp-block-file__button wp-element-button\" download aria-describedby=\"wp-block-file--media-e2cfa235-e9df-407f-9bab-ffebf1a46c80\">T\u00e9l\u00e9charger<\/a><\/div>\n","protected":false},"excerpt":{"rendered":"<p>\u00catre membre de l&#8217;Union Belge des M\u00e9diateurs Professionnels, c&#8217;est : C\u2019est aussi b\u00e9n\u00e9ficier de services : Rejoignez l\u2019UBMP aujourd\u2019hui ou renouvelez votre adh\u00e9sion ! Virez votre contribution de 50 \u20ac\/an minimum sur le compte de l\u2019UBMP-BUPB-UBPM \u2013 1070 BruxellesIBAN = &hellip; <a href=\"http:\/\/ubmp-bupb.org\/newsite\/fr\/membres\/\">Lees verder <span class=\"meta-nav\">&rarr;<\/span><\/a><\/p>\n","protected":false},"author":1,"featured_media":4947,"parent":0,"menu_order":0,"comment_status":"open","ping_status":"open","template":"","meta":{"_cbd_carousel_blocks":"[]","footnotes":""},"class_list":["post-33","page","type-page","status-publish","has-post-thumbnail","hentry"],"_links":{"self":[{"href":"http:\/\/ubmp-bupb.org\/newsite\/wp-json\/wp\/v2\/pages\/33","targetHints":{"allow":["GET"]}}],"collection":[{"href":"http:\/\/ubmp-bupb.org\/newsite\/wp-json\/wp\/v2\/pages"}],"about":[{"href":"http:\/\/ubmp-bupb.org\/newsite\/wp-json\/wp\/v2\/types\/page"}],"author":[{"embeddable":true,"href":"http:\/\/ubmp-bupb.org\/newsite\/wp-json\/wp\/v2\/users\/1"}],"replies":[{"embeddable":true,"href":"http:\/\/ubmp-bupb.org\/newsite\/wp-json\/wp\/v2\/comments?post=33"}],"version-history":[{"count":53,"href":"http:\/\/ubmp-bupb.org\/newsite\/wp-json\/wp\/v2\/pages\/33\/revisions"}],"predecessor-version":[{"id":7935,"href":"http:\/\/ubmp-bupb.org\/newsite\/wp-json\/wp\/v2\/pages\/33\/revisions\/7935"}],"wp:featuredmedia":[{"embeddable":true,"href":"http:\/\/ubmp-bupb.org\/newsite\/wp-json\/wp\/v2\/media\/4947"}],"wp:attachment":[{"href":"http:\/\/ubmp-bupb.org\/newsite\/wp-json\/wp\/v2\/media?parent=33"}],"curies":[{"name":"wp","href":"https:\/\/api.w.org\/{rel}","templated":true}]}}